193026526?
2, 7, 11, 751, 1669
List the prime factors of 115807422.
2, 3, 19301237
What are the prime factors of 54562457?
37, 83, 109, 163
What are the prime factors of 440271775?
5, 17610871
List the prime factors of 361745422.
2, 173, 1045507
What are the prime factors of 466074899?
601, 631, 1229
What are the prime factors of 98166774?
2, 3, 173, 94573
What are the prime factors of 24829930?
2, 5, 2482993
List the prime factors of 1928147185.
5, 337, 1144301
List the prime factors of 9834669.
3, 13, 28019
What are the prime factors of 705046576?
2, 13, 17, 43, 4637
What are the prime factors of 144615523?
13, 3163, 3517
List the prime factors of 49428492.
2, 3, 83, 49627
What are the prime factors of 340859517?
3, 23, 4939993
List the prime factors of 808920036.
2, 3, 22470001
List the prime factors of 55147671.
3, 19, 322501
What are the prime factors of 8009290846?
2, 1777, 2253599
List the prime factors of 1692541747.
13, 89, 1462871
What are the prime factors of 2401506995?
5, 19, 25279021
List the prime factors of 13425108.
2, 3, 31, 151, 239
What are the prime factors of 858140895?
3, 5, 43, 103, 12917
What are the prime factors of 1820129041?
61, 29838181
What are the prime factors of 2189592626?
2, 13, 29, 2903969
What are the prime factors of 14340927?
3, 1933, 2473
List the prime factors of 1546303875.
3, 5, 4123477
List the prime factors of 20502605.
5, 4100521
List the prime factors of 169155698.
2, 1217, 69497
What are the prime factors of 1499234017?
1499234017
What are the prime factors of 65712173?
23, 29, 98519
List the prime factors of 4081814018.
2, 2371, 860779
List the prime factors of 73068247.
7, 397, 26293
List the prime factors of 111307506.
2, 3, 18551251
What are the prime factors of 33144959?
43, 770813
What are the prime factors of 6885728?
2, 215179
What are the prime factors of 3100914077?
61, 109, 466373
What are the prime factors of 261333313?
353, 740321
What are the prime factors of 1305000989?
37, 449, 78553
What are the prime factors of 35621366?
2, 11, 1619153
List the prime factors of 43049678.
2, 7, 17, 277, 653
What are the prime factors of 191291287?
11, 2957, 5881
What are the prime factors of 101842105?
5, 197, 103393
List the prime factors of 1662726343.
1662726343
What are the prime factors of 1071272585?
5, 9341, 22937
List the prime factors of 1736154041.
1736154041
List the prime factors of 121526230.
2, 5, 7, 101, 17189
List the prime factors of 151409239.
31, 4884169
What are the prime factors of 422751185?
5, 31, 2727427
What are the prime factors of 1372202665?
5, 101, 2717233
What are the prime factors of 4705517?
421, 11177
List the prime factors of 910370309.
157, 5798537
List the prime factors of 56496468.
2, 3, 7, 672577
List the prime factors of 99743728.
2, 7, 467, 1907
What are the prime factors of 674793374?
2, 337396687
List the prime factors of 551536814.
2, 17, 2539, 6389
List the prime factors of 2855926686.
2, 3, 475987781
List the prime factors of 1284095.
5, 17, 15107
What are the prime factors of 1933456489?
257, 7523177
List the prime factors of 118651641.
3, 23, 47, 36587
What are the prime factors of 642879195?
3, 5, 7, 6122659
List the prime factors of 435870526.
2, 7, 13, 19, 126047
List the prime factors of 94875324.
2, 3, 7906277
List the prime factors of 1606412855.
5, 19, 269, 62861
What are the prime factors of 183674937?
3, 61224979
What are the prime factors of 120105454?
2, 7, 1019, 8419
List the prime factors of 4575298974.
2, 3, 762549829
What are the prime factors of 636005325?
3, 5, 41, 107, 1933
List the prime factors of 370618360.
2, 5, 7, 17, 227
What are the prime factors of 1870266031?
281, 6655751
What are the prime factors of 47993028?
2, 3, 29, 137911
What are the prime factors of 65970291?
3, 199, 110503
What are the prime factors of 304441831?
17, 139, 128837
List the prime factors of 8609833.
8609833
List the prime factors of 487604812.
2, 17, 7170659
List the prime factors of 388166749.
47, 8258867
What are the prime factors of 489902529?
3, 61, 359, 7457
List the prime factors of 891624145.
5, 178324829
List the prime factors of 458171493.
3, 13, 29, 43, 9421
What are the prime factors of 110668388?
2, 19, 31, 107, 439
What are the prime factors of 11203676?
2, 11, 89, 2861
What are the prime factors of 595418369?
7, 13, 6543059
List the prime factors of 44846431.
7, 59, 108587
What are the prime factors of 587586506?
2, 13, 22599481
List the prime factors of 402395404.
2, 100598851
What are the prime factors of 100963006?
2, 359, 140617
List the prime factors of 1310010855.
3, 5, 87334057
What are the prime factors of 60056269?
7, 13, 31, 61, 349
What are the prime factors of 41460797?
7, 5922971
List the prime factors of 4581346885.
5, 23, 39837799
What are the prime factors of 104281489?
13, 31, 258763
List the prime factors of 750834099.
3, 29, 2876759
What are the prime factors of 58928324?
2, 7, 13, 17, 89, 107
List the prime factors of 16431766.
2, 13, 631991
What are the prime factors of 82845908?
2, 23, 769, 1171
What are the prime factors of 226046581?
103, 233, 9419
List the prime factors of 3563755665.
3, 5, 2099, 113189
What are the prime factors of 868263827?
868263827
What are the prime factors of 42819064?
2, 37, 144659
What are the prime factors of 67677057?
3, 7, 229, 4691
List the prime factors of 36570947.
7, 5224421
List the prime factors of 2581182.
2, 3, 193, 743
List the prime factors of 89314675.
5, 61, 58567
What are the prime factors of 62697768?
2, 3, 7, 17, 29, 757
List the prime factors of 138856921.
7, 19, 101, 10337
What are the prime factors of 1280140706?
2, 13, 83, 593207
What are the prime factors of 53270176?
2, 47, 35419
What are the prime factors of 828189186?
2, 3, 11, 12548321
List the prime factors of 41507227.
3733, 11119
List the prime factors of 720530197.
443, 1626479
List the prime factors of 154736081.
154736081
List the prime factors of 1021277409.
3, 971, 350593
List the prime factors of 13563832.
2, 509, 3331
List the prime factors of 2407198319.
2407198319
What are the prime factors of 587051297?
7, 191, 439081
List the prime factors of 236727652.
2, 7, 17, 211, 2357
What are the prime factors of 255650049?
3, 28405561
What are the prime factors of 1195990611?
3, 139, 2868083
List the prime factors of 383281487.
29, 13216603
List the prime factors of 421031538.
2, 3, 23390641
What are the prime factors of 168179148?
2, 3, 2111, 2213
List the prime factors of 74181620.
2, 5, 3709081
What are the prime factors of 282078842?
2, 3881, 36341
List the prime factors of 4450131244.
2, 13, 239, 358073
List the prime factors of 6425841894.
2, 3, 5107, 209707
What are the prime factors of 79561222?
2, 13, 3060047
List the prime factors of 483298278.
2, 3, 71, 1134503
List the prime factors of 4306576289.
17, 253328017
What are the prime factors of 317738192?
2, 23, 41, 21059
What are the prime factors of 1333975?
5, 53359
What are the prime factors of 575455379?
59, 1931, 5051
What are the prime factors of 3563385888?
2, 3, 53, 67, 10453
List the prime factors of 580521505.
5, 83, 1398847
List the prime factors of 3094796460.
2, 3, 5, 7, 1699, 4337
List the prime factors of 981123228.
2, 3, 37, 431, 1709
What are the prime factors of 394299417?
3, 37, 3552247
What are the prime factors of 350933032?
2, 281, 156109
List the prime factors of 859632778.
2, 17, 25283317
List the prime factors of 356042341.
127, 751, 3733
List the prime factors of 43094185.
5, 19, 31, 14633
List the prime factors of 146981495.
5, 263, 111773
What are the prime factors of 2841003605?
5, 11, 911, 56701
List the prime factors of 100335801.
3, 1049, 31883
What are the prime factors of 64135000?
2, 5, 101, 127
List the prime factors of 2503217005.
5, 14449, 34649
What are the prime factors of 120752960?
2, 5, 377353
What are the prime factors of 271135955?
5, 5783, 9377
What are the prime factors of 17578043?
7, 2511149
What are the prime factors of 930082937?
7, 17, 7815823
What are the prime factors of 677452168?
2, 829, 102149
List the prime factors of 7815041.
13, 71, 8467
What are the prime factors of 46451514?
2, 3, 17, 455407
List the prime factors of 67924978.
2, 11, 89, 113, 307
What are the prime factors of 23836